 - -19 - 4 - (12 + -6 + 2)?
-23
What is the value of (119 - 212 - -199) + -35?
71
Evaluate 11 + -3 + 7 - (850 + -836).
1
Calculate -2 - 40 - (-1343 + 1282).
19
What is the value of -11 + (1 - 2) + (3448 - 3477) + 43 + -42?
-40
Evaluate (149 - 11) + -115 - 19.
4
What is the value of 2054 + -1973 - (13 - 5)?
73
-7 - (-47 - (8 - 25)) - -54
77
138 + 90 + -90 - 267
-129
What is the value of (-2 + (13 - 1) - (88 - 105) - -10) + 10?
47
Calculate -5 - (4 + -6) - (-4 - (-11 + -1) - -30).
-41
15 - (-47 + 77 - 43)
28
What is -49 - (97 + 18 + -183)?
19
Calculate ((-7 - 0) + 66 - 19) + 4.
44
What is the value of -46 + 13 + 143 + -43 - (16 - 1)?
52
-4 + -28 - (221 - 23 - 128)
-102
79 - ((15 - (21 + 12)) + 24 + 10)
63
52 - 13 - (21 + -2 + -3 - 3)
26
(-2 - -32) + (373 - 347 - (2 + 29)) + 8
33
Calculate -20 + (62 - ((-4 - 5) + 10)).
41
Calculate (-8 - 2 - (38 - 13)) + 22.
-13
Calculate -8 + -3 - (681 - 687 - (38 + 0 + -2)).
31
What is 20 - ((85 - 84) + -1 + 46)?
-26
(-98 - (-94 + (-19 - -75))) + (-1 - -20)
-41
8 + (-5 - 6 - -6) + (-31 - -14)
-14
Evaluate -24 - -60 - (19 + 25 + -20).
12
What is the value of -23 - (-9 + -9 - -1) - -5?
-1
What is 4 - -42 - (-15 - (-12 + (8 - 2)))?
55
Evaluate -3 + 1 + (1 - 3) + 49 + 7 + -62.
-10
Evaluate 24 + 75 - 59 - -6.
46
-23 + (-17 - -53) - (-53 + 52)
14
Evaluate -31 + (-5 - -36) + -59.
-59
Evaluate (-1 - 0) + 3 - (57 - (-15 - (-3 - 39))).
-28
9 - 80 - (2 + 7 + -11 + 8)
-77
Calculate -13 - -22 - ((4 - -8) + -9).
6
Evaluate (35 - (25 + -5)) + 16 + -16.
15
What is the value of -6 + 4 - 1 - (-24 + 95 + 27) - -14?
-87
What is (-3 - (0 - -5)) + (389 - 374) + -56?
-49
Calculate -6 - (-21 - (-94 + 110 + -1 + -4)).
26
Calculate 33 + -20 + 0 + -2 + 22.
33
What is 9 - 58 - (-1050 + 953)?
48
Evaluate 4 + -86 + 3 - (8 + -5 + (71 - 79)).
-74
What is 1 - -6 - (154 + 47 - 272)?
78
Evaluate 4 + 33 - (8 + (52 - 45)).
22
What is -402 - (-7 + -330) - ((0 - 0) + -1 + 0)?
-64
What is (3 - 40) + (-22 - -119) + -69?
-9
(59 - (-87 - -95)) + -15
36
Evaluate 73 - (29 + (0 - -19)).
25
What is the value of 49 - ((28 - 13 - 9) + -3 + 9)?
37
What is -9 - (-50 + (55 - 26))?
12
15 - (23 + (25 + -45 - -17))
-5
What is the value of (-365 - -908) + -519 + 2 + -1 + -58?
-33
Evaluate -21 + -4 + (-1569 - -1688).
94
What is ((-1 - 2) + 2 - 2) + 2032 + -2042?
-13
What is the value of -6 + (-8 + (6 - (1 + -12)) - 26)?
-23
What is the value of 1 - 6 - (-120 - (11 + -99))?
27
Evaluate (8 - 5) + 46 + -21 + -16.
12
What is 16 + -30 + 39 + 10?
35
Calculate -16 - (22 + (-21 - -25 - 17)).
-25
Evaluate (1 - (99 - 2)) + (12 - -151 - 147).
-80
Calculate (-10 - 0) + 30 - 8 - (47 + 15).
-50
Calculate (14 - 13) + 18 + (6 - 9).
16
Calculate -54 + (69 - (-42 - -72)).
-15
What is (-7 - -6 - 4) + -70 - (-19 - (-36 + 31))?
-61
Calculate 11 - ((25 - 6) + 10 + 21).
-39
Calculate 6 + 79 + -51 + -92.
-58
What is the value of -3 + (21 - 22 - (6 + (-5 - -38))) + -6?
-49
What is the value of 14 - (6 + -2 - (-13 - (-44 + 18)))?
23
Evaluate -19 + (-102 + 79 - -54).
12
Evaluate (3 - -99) + -72 + (34 - -26).
90
What is 18 - ((-35 - -34) + 55)?
-36
Calculate -81 + (-129 + 138 - (-5 + -5)).
-62
Calculate 1 + 62 - (393 + -338).
8
What is -13 + 21 - -15 - 34 - -91?
80
Calculate -25 + (3 - -10) - -19 - (9 + -7 + -13).
18
What is the value of (0 - 0 - 4) + 1424 + -1415 - -38?
43
-13 + 3 + (-1 - (6 + -3)) + (-3209 - -3204)
-19
Evaluate ((-2 - -9) + 31 - 7) + (9 - 24).
16
What is (-4 - -86 - 101) + 24 + -2?
3
Evaluate (-1 - 8) + -5 + 23 + -64 + -2.
-57
69 - (-35 + 69 + 17)
18
What is (-21 - -37 - 31) + -2 + 16?
-1
What is 127 - (-5 + 5) - 22 - 8?
97
Evaluate (172 - 86) + -99 + (-31 - (0 - -1)).
-45
Calculate (36 - -6 - 80) + (-9 - -11) + -1 + 13.
-24
What is the value of 52 + (-115 - -16) - -142?
95
What is the value of (36 + (-25 - 21) - (1 + -2)) + 1 - 12?
-20
What is -11 - (-60 + 58 + 29 + 12)?
-50
13 - (-10 + -2 + (27 - 3))
1
What is 6 + -78 + 83 + -52 + 1?
-40
What is (0 - (22 - 39) - 25) + -3 + (16 - 6)?
-1
Evaluate -20 + (-52 - -26) - -52.
6
What is 1158 - 1216 - (-15 - 2 - -2)?
-43
Evaluate -24 + (-55 + 35 + -20 - -19).
-45
Calculate -17 + -49 + 28 + (4 - -11) - 13.
-36
Calculate (20 - 1) + (33 + -82 - -43).
13
What is -2 - 3 - (7 + -23) - (38 + 16 + -27)?
-16
What is (4 - -1) + 6 + (-56 - -7) + 234 + -227?
-31
Evaluate 27 + 9 + -54 + 26.
8
Evaluate 0 + -3 + 0 + 2 - (57 + (154 - 270)).
58
What is 106 - (-51 - (-79 - -1))?
79
13 - (-11 + (73 - 31) + -35)
17
What is -56 + (10 - 9) + (-3 - -3) + (17 - 12)?
-50
Evaluate (-48 - (3 - -26 - 24)) + (10 - -2).
-41
30 + (12 - 0) + -10 + (5 - (0 + -5))
42
-21 - -16 - (1 + 43 - (21 - (-17 - -30)))
-41
Calculate 12 + 41 + -15 + -22.
16
Calculate -32 - -289 - (-129 - -258).
128
Calculate 17 + 20 + (9 - (4 + -12 + 9)) + -3.
42
What is (4 + -9 - (-2 + 1)) + (588 - 582)?
2
What is 118 - ((-33 - -49) + 19 - 11 - (-1 + 10))?
103
What is the value of -143 + 139 + 46 - 111?
-69
Calculate (118 - 105 - (2 + 2 - -2) - 1) + 11.
17
Evaluate (-11 - ((-16 - -5) + -15)) + -52.
-37
Calculate 27 - (8 + 13 + (-30 - -10) - 0).
26
-7 - (33 + -51 + 44)
-33
Calculate -16 - 2 - (22 + (-37 + 31 - -47)).
-81
What is (-5364 - -5403) + (-84 - 1)?
-46
Calculate 4 + 22 + -88 - ((-7 - -4) + 1).
-60
Calculate (2 - 62) + (23 + -10 + -28 - 2).
-77
-117 - -132 - (6 - -1) - (4 - 3)
7
What is (8 - 7) + -48 + 81 - -18?
52
Calculate -14 - (-1 + 13 + (33 + -17 - 80) + 18).
20
Evaluate 32 + 10 + -15 + (0 - (-4 - (-14 + 1))).
18
Evaluate (-14 - -114) + (-454 - -446).
92
What is (10 - (16 + -7)) + -21 + 10 - 61?
-71
Evaluate 16 + (22 - -1 - (-109 + -94 + 117)).
125
What is 10 + 12 + -27 + 10 + -14 + 33?
24
-3 + (9 - ((-12 - (8 - 17)) + 11)) + -70
-72
Evaluate 38 + -35 - -93 - 27.
69
What is 0 + 6 + (3 - 1) - (82 - 111 - -51)?
-14
Calculate -109 - (614 + -608 - ((-2 - -4) + 2 + 12)).
-99
What is -44 - (6 - 56) - (0 + 1 + (11 - 0))?
-6
Evaluate 1 + -47 - (-378 - -341).
-9
Calculate 10 - (9 - (-24 - -8 - -33)).
18
What is -25 + 31 + (1 - (-73 + -1)) + 107 + -110?
78
628 + -552 + -56 + -7
13
-51 - (4 - 17) - -46
8
-31 - (22 + -2 - (-52 + 75))
-28
Evaluate -4 + (10 - (-6 - -27)) + 11.
-4
What is 42 + -19 + -9 - (27 - -1) - -61?
47
What is 23 - -52 - (73 + -48)?
50
Calculate 32 - ((-49 - 0) + 35).
46
What is the value of 112 + (56 - 18 - 9) + -42?
99
(-170 + 178 - (16 + 1)) + (3 + -6 - 32)
-44
Calculate (9 - 16) + 37 + 23 + -25.
28
What is (0 - -2 - (10 - (19 + -12))) + 20 + -2?
17
What is -12 + (-41 - -15) + (2 - -2)?
-34
What is the value of 9 + (-9 - (-9 + -8)) - -13?
30
What is -10 + (-23 + 26 - -38)?
31
What is -1 + (-2 + 1 - -6) - (-21294 - -21289)?
9
Evaluate -2 + 33 + -63 + 45.
13
Evaluate (-37 - ((-23 - 0) + 5)) + -7.
-26
Evaluate 15 + -5 - 13 - (4 + -10 + 5) - 16.
-18
Evaluate 21 - (634 - 590 - (-15 - 0)).
-38
10 - (-102 - (-152 - 46))
-86
What is 1 + 2 - (-7 + -4 + 0)?
14
(-5 - 137) + -9 + (20 + (-17 - -8) - -5)
-135
Evaluate 82 + -4 + -5 - (-2 - (-18 + 10)).
67
Evaluate -15 + (4 - 8 - 0) - (5 + -19).
-5
Evaluate 22 + 2 - ((-110 - -111) + -5 + -1 + 2).
27
Evaluate (-4 + 0 + 64 - (12 + -30 + 14)) + -8.
56
Evaluate 4 + (54 - 101) - 35.
-78
Evaluate -1 + -62 + (-16 - (-2 + -33 - (-330 - -313))).
-61
What is the value of 28 - ((36 - 1) + (-1364 - -1360))?
-3
What is -21 - 2 - ((44 - 43) + 6) - 6?
-36
(16 - (1 + 6)) + 1 + 2 + -27
-15
Evaluate -41 + (-23 - (-8 + -14 + 16)).
-58
Evaluate 22 + 3 + -2 + 5 + 2 + (-127 - -119).
22
What is (5 - (0 - (2 + (-7 - -5)))) + -207 + 267?
65
What is 6 - (-15 + (-26 - -27)) - 19 - (-1 - 53)?
55
What is the value of 361 - 254 - (10 + 70)?
27
Calculate 1 + -12 - (8 + -10 - -7 - (-9 - -5)).
-20
Calculate 6 + (2 - 1) - ((-28 - -50) + (4 - 68)).
49
What is (27 + -54 - (34 + 27)) + -11?
-99
Calculate 105 + -14 + 32 - (1 + 21 - 6).
107
What is (-74 - -27 - -19) + 40?
12
What is 75 + -9 + (22 - (-8 - -13))?
83
Calculate -61 + 118 + -48 + -9.
0
-320 - (-162 - 150) - (1 + -1 + 6)
-14
Calculate (-36 + 34 - -84) + (-56 - -64) + 3 + 0.
93
(-1 - -10 - (3 + 3 + 3)) + (-38 - -2)
-36
What is the value of (-15 - (80 - 19)) + 18?
-58
What is the value of -44 + -5 + 4 + -6 + -28?
-79
Evaluate 13 + (24 - 34) - -26.
29
What is the value of -89 + -11 + (0 - -24) + 1 + (-5 - -6)?
-74
Evaluate (-5 - -2) + 26 + (-4 - 8) + 23.
34
Evaluate 35 - 43 - 4 - (0 + -38).
26
What is the value o